t t be 76/28 + (-4)/(-14). Suppose 3*c + t*n = 996, -5*n = -4*c + 1214 + 141. What is the tens digit of c?
3
Suppose 22*z = 36*z - 56. What is the units digit of (-1)/(-4)*343*z?
3
Let g(k) = -6*k**2 + 2*k + 1. Let q be g(2). Let r(w) = 55*w + 225. Let v(a) = -8*a - 32. Let o(u) = 2*r(u) + 15*v(u). What is the hundreds digit of o(q)?
1
Let i = -147 + -189. What is the tens digit of (-7 - -8) + (1 - i)?
3
Suppose 2*t + 47 + 89 = 4*y, -5*y = -t - 170. Suppose y*k - 36*k = -20. Suppose -5*r + 4*v - 684 = -k*r, 4*r - 548 = -3*v. What is the hundreds digit of r?
1
Let t = -5681 - -14441. Suppose 5*n + t = 29*n. What is the units digit of n?
5
Suppose 0 = 5*n - 19200 - 14220. What is the thousands digit of n?
6
Let g = -8112 - -13642. What is the tens digit of g?
3
Suppose -5*t + 99555 = -4*m, -4*t + 23922 = -4*m - 55722. What is the thousands digit of t?
9
Let x(k) = 37*k - 20. Let v be x(4). Let b = 134 - v. What is the tens digit of (-43551)/(-162) + 1/b?
6
Suppose 33505 = 15*i - 10130. Suppose 5 - 11 = 2*d, -4*j = -3*d - i. What is the tens digit of j?
2
Suppose 0 = -4*t - 0*t - 44. Let n(s) be the third derivative of s**6/120 + 13*s**5/60 + 17*s**4/24 - 7*s**3/6 - 20*s**2 - 35. What is the tens digit of n(t)?
4
Let x = 185 - 341. Let k = -298 - -632. Let d = k + x. What is the tens digit of d?
7
Suppose 16*l = 104742 + 345642. What is the units digit of l?
9
Let r(t) = -t - 33. Let n be r(-36). Suppose -2*g + 3*g + 1122 = 3*c, 0 = -n*c - 4*g + 1122. What is the tens digit of c?
7
Let v(n) = n + 11. Let t be v(-5). Suppose t*s = 346 + 3596. Suppose -11*o + 2*o = -s. What is the tens digit of o?
7
Let y = 104 + -73. Suppose 0 = 4*p - 2*g - 86, 0 = 3*p - p + 3*g - y. What is the hundreds digit of (2 - 1096/(-9)) + p/90?
1
Let z = 25730 - 20358. What is the hundreds digit of z?
3
Let n(t) = -t**3 + 5*t**2 + t + 4. Let f be n(5). Let x be -3 + (f - (-6 + 3)*-1). What is the units digit of -5*((-113)/5 + x)?
8
Let w = 901 - 157. Suppose -x + 248 = -2*c, 0*c - 4*c = -3*x + w. Let i = x - 136. What is the hundreds digit of i?
1
Let h(j) = j**2 - 14*j - 44. Let m be -3*6/(-27) - 203/21. What is the tens digit of h(m)?
6
Suppose -r = 6*r - 7. Let v be (7 + -3 - 12)/(-3 + r). Let j = v + 24. What is the units digit of j?
8
Let z(i) = 5*i**3 + 26*i**2 - 14*i + 53. Let r(t) = -3*t**3 - t**2 - t - 1. Let w(x) = 2*r(x) + z(x). What is the hundreds digit of w(9)?
1
Suppose 123*p - 116*p = 146209. What is the units digit of p?
7
Suppose -5*c + 20 = -3*m, 5*m - 6 = -3*c + 6. Suppose 3*a = -4*u - 9, 0 = -c*u + 7*a - 3*a + 12. Suppose -2*n + 156 - 14 = u. What is the tens digit of n?
7
What is the units digit of 24/(-468) - 1954842/(-117)?
8
Suppose -93 + 77 = -4*n, -4*n - 77474 = -3*c. What is the thousands digit of c?
5
Suppose 3 = 3*h + m, -12 = -3*h + 6*h - 4*m. Suppose h = 5*j - 2*v - 6301, -697 = -j + v + 562. What is the thousands digit of j?
1
Let v = -5960 - -13416. What is the units digit of v?
6
Let q(f) = -743 + 743 - 10*f + 2*f**2. Let n be 3*-4*(-3)/4. What is the units digit of q(n)?
2
Suppose 3*p = -2*h + 18, 2*h + 4*p + 0*p = 22. Suppose -m + 267 = -h*l, 2*m - 1349 = -3*m + l. What is the hundreds digit of m/2 - (-2 + 4)/(-2)?
1
Let f(q) = -q**3 - 3*q**2 + 9*q - 3. Let l be f(-5). Suppose -l*n = 2*n - i + 71, 2*n + 33 = 3*i. What is the tens digit of ((-348)/n)/(4/18)?
8
Suppose 0 = 3*p + 7*p - 10. Suppose -f = 1 - p. Suppose f = -5*a - l + 554, -2*l = -3*l + 4. What is the tens digit of a?
1
Let o = 12749 + -6331. What is the hundreds digit of o?
4
Let x(n) = 4 - 3*n - n + 26. Let a be x(7). Suppose -4*c + 338 = -a*j, 5*c = j - 3*j + 445. What is the units digit of c?
7
Let j = -98 + 101. Suppose 2*s - j*s - 2*i = 109, 3*i + 15 = 0. Let h = s + 119. What is the tens digit of h?
2
Let a(i) = -i**3 + 6*i**2 - 3*i - 8. Let m be a(5). Suppose -m*c + 2*g + 826 = 0, -1652 = -4*c - 5*g + 8*g. What is the hundreds digit of c?
4
Let j(g) = -2*g**3 - g**2 - g + 1. Let x be j(1). Let q be (x/(-12))/((-9)/24)*-18. Suppose -70 = 3*u - 5*u + 2*l, -q = 3*l. What is the tens digit of u?
3
Let s be 158/(-5) + 1*(-8)/20. Let p = s - -37. Suppose p*a - 47 = 38. What is the units digit of a?
7
Let j(u) = 7*u**2 + 39*u - 11. Let d be j(11). What is the tens digit of (d - -12)*(-3 - -4)?
7
Suppose 3 = a - 0, -3*h + 3*a + 3 = 0. Suppose -4*n + 75 = z - 0*n, n - 270 = -h*z. Let b = z + -38. What is the tens digit of b?
2
Suppose 78*x - 58*x + 82*x - 5050428 = 0. What is the tens digit of x?
1
Let s be 0/(-1) + 10/(-2). Let p(k) be the third derivative of k**5/15 + k**4/6 - 13*k**3/6 + 1502*k**2. What is the units digit of p(s)?
7
Let b be 1 - (9 + -3 + -22). Suppose -32*d = -b*d - 1380. What is the tens digit of d?
9
Let f(o) = -16*o - 25. Suppose 1 = -2*r - 5*i + 2, -5*r - 32 = i. Let a be f(r). Let k = a - 26. What is the tens digit of k?
6
Suppose 5*v - 2*r = 71908, -64*v - 5*r = -63*v - 14387. What is the hundreds digit of v?
3
Suppose -150 + 6 = -12*h. What is the units digit of 16/(h/(-3))*158/(-4)?
8
Let u be (8/(-10) + 0)/(10/(-11725)). Suppose u*p + 48 = 944*p. What is the units digit of p?
8
Let v(k) = -3*k + 26. Let b be v(7). Suppose -4 = 3*r + b*s + 46, 4*r - 2*s + 58 = 0. What is the tens digit of -9*5*r/18*2?
7
Suppose 0 = 5*z + 2*h - 33194, 3*z - 9*h = -7*h + 19926. What is the thousands digit of z?
6
Let f = -6690 - -9510. What is the hundreds digit of f?
8
Let p be 1/(-4)*-1*12. Suppose -2*b - 2*t + 414 = 2*b, -4*b - t + 417 = 0. Suppose 0 = 2*v - p*v, 0 = 3*q - 5*v - b. What is the tens digit of q?
3
Suppose 0 = 4*v + 4*d, d = -3*v - 0*v + 4. Suppose -v*r = -0*r - 108. Let z = r - -26. What is the tens digit of z?
8
Suppose -3*i = -i. Suppose 0 = 7*o - i*o + 42. What is the tens digit of (3/(-2) + -3)*o?
2
Let n = -75 - 63. Let j = 21 - n. What is the units digit of j?
9
Let o(d) = -d**3 + 21*d**2 + d - 17. Let p be 24 + 6/(-4)*2. Let v be o(p). Suppose v*s - 5*s + 31 = 0. What is the units digit of s?
1
Let u = 13490 - 90. What is the tens digit of u?
0
Suppose 5*j + 3841 = 4*x + 380, -3*x + 5*j = -2592. Let a = x + -475. What is the hundreds digit of a?
3
Let l = 212 + -200. Let b(m) = m**3 - 10*m**2 + 2*m - 5. What is the tens digit of b(l)?
0
Suppose 590 = -2*y + 1900. Suppose 5*p = -3*f - f + y, 2*f + 415 = 3*p. What is the hundreds digit of p?
1
Let p(q) = -q**3 + q**2 - 11*q + 10. Let v be p(4). Let h = v + 87. Suppose -h = 5*c, 0*f - 227 = -2*f - 5*c. What is the units digit of f?
6
Suppose 0 = -m - 2*v + 52, v + 2*v + 312 = 5*m. Suppose -63*w + 823 = z - m*w, 3*z + 3*w - 2463 = 0. What is the hundreds digit of z?
8
Let b(d) = -85*d**3 + 6*d**2 - 9. What is the units digit of b(-6)?
7
Suppose -4*p - t = -3*t - 10, 3*p + t - 20 = 0. Suppose 14 = g - 3*u, -5*g + 0*g + 70 = 5*u. Suppose p*c + g = 19. What is the units digit of c?
1
Suppose -4*v + 3*c = -104941, -131190 = -4053*v + 4048*v + c. What is the hundreds digit of v?
2
Let v(x) = 56*x**2 - x - 136. Let f be v(-13). Suppose 0 = 7*h - f + 2740. What is the hundreds digit of h?
9
Let o = -17841 + 45476. What is the units digit of o?
5
Suppose -2*f = 3*f - 10. Suppose 383 = 4*w + j - 539, -2*w - f*j + 458 = 0. What is the hundreds digit of w?
2
Let u(k) = 2*k**3 + 63*k**2 - 54*k - 27. What is the hundreds digit of u(-30)?
2
Let a be 1*3/5 + 5428/(-5). Let i = -614 - a. Suppose -3*z = -3*s - i, -4*s = z - 0*s - 152. What is the units digit of z?
6
Let m(u) = -5*u + 25. Let h be m(4). Let t be (-31)/((-10 - -9)*(-1)/h). Let r = t - -244. What is the units digit of r?
9
What is the hundreds digit of 33/3 + 4663 + 2?
6
Suppose 5*l - 3*j = 89827, 4*l = 3*j + 14414 + 57450. What is the ten thousands digit of l?
1
Suppose -6*k + 347 = -61. What is the units digit of k?
8
What is the ten thousands digit of (-51)/34 + ((-21)/14 - (-26866)/1)?
2
Let v = -28179 - -57571. What is the thousands digit of v?
9
Let p(s) = -299*s - 168. What is the hundreds digit of p(-25)?
3
Suppose 5*s + 15*n = 16*n + 315846, s - 4*n = 63135. What is the units digit of s?
1
Let b(d) = 21*d - 181. Let z be b(9). Suppose 0*o + 512 = z*o. What is the tens digit of o?
6
Suppose -4*f - 898 = -4142. Let u = f - 139. What is the hundreds digit of u?
6
Let q be 0/((-7 - -3)/4). Suppose q = -18*v - 8*v + 104. What is the units 